ulate the highest common divisor of c and f.
11
Let b(p) = p**2 - 6*p + 13. Let n be b(-15). Calculate the greatest common divisor of 8 and n.
8
Let g = -14 - -214. Calculate the greatest common divisor of g and 160.
40
Let b be ((-77)/(-11))/(2/24). What is the greatest common factor of b and 28?
28
Let d(l) = -15*l + 6*l - 27 + 3*l + 9*l. Let u be d(12). Calculate the highest common factor of u and 81.
9
Suppose 16*r = 17*r + 12. Let z(p) = -p**3 - 12*p**2 + p + 17. Let b be z(r). Calculate the highest common divisor of b and 5.
5
Suppose -15*i + 20332 = 19*i. Calculate the greatest common factor of i and 46.
46
Suppose -6960 = -5*p - 24*p. Calculate the greatest common factor of p and 144.
48
Let p = -430 - -439. Suppose -2*a + 329 = 77. Calculate the greatest common divisor of a and p.
9
Let v be (-12)/(-8)*4/3. Let h = 93 - 66. Let b = h + -25. Calculate the greatest common factor of v and b.
2
Suppose -16 = -8*i, i + 39 - 53 = -4*m. Suppose -s + 2 + 3 = 0. Suppose 93 - 18 = s*n. Calculate the highest common factor of n and m.
3
Suppose 621 - 50 = 4*b - 5*r, -573 = -4*b + 3*r. Let c = 225 - b. Calculate the highest common factor of c and 54.
27
Suppose -30*l = -28*l + 2*n - 288, 576 = 4*l - 2*n. Calculate the greatest common factor of l and 320.
16
Let x(m) = m**2 - 9*m + 25. Let b be x(3). Calculate the greatest common factor of b and 35.
7
Let v(n) = -n**3 - 22*n**2 + 6*n - 67. Let m be v(-23). What is the highest common divisor of 60 and m?
12
Let t = 690 - 492. What is the greatest common factor of 18 and t?
18
Let b be (20/55)/((-4)/(-66)). Suppose -50 = -o + 4. What is the highest common divisor of o and b?
6
Suppose y - 2 = 1. Suppose -5*g + g + y*j = 34, 0 = -3*g - 5*j - 11. Let u be (g/2)/((-2)/4). Calculate the greatest common factor of 21 and u.
7
Let z(a) = 2*a**2 - 11*a**3 - 3*a**2 - 1 + 2 + 4*a. Let p be z(3). Let d be 4/12 + p/(-3). Calculate the greatest common divisor of d and 14.
14
Let r be (2 - 6) + 49 - 5. Calculate the highest common factor of 110 and r.
10
Suppose -1293 - 436 = -7*t. What is the highest common divisor of 38 and t?
19
Let r be 1542/15 - ((-20)/25)/(-1). Calculate the highest common factor of 357 and r.
51
Let v be -10*(-49)/105*3. What is the highest common factor of 875 and v?
7
Suppose -140 = -x - 4*x. Suppose 21 = 7*r - x. What is the greatest common factor of 2 and r?
1
Let w be (-3 + -2)/(-10)*-20. Let u = w + 34. Calculate the highest common factor of 6 and u.
6
Let m be ((-368)/14)/(8/(-28)). Let v(i) = i**3 - 4*i**2 - 3*i - 8. Let p be v(6). What is the greatest common divisor of p and m?
46
Let h = -3 - -3. Suppose -u = w - 72, -u - 3*w = -h*u - 62. Calculate the highest common factor of u and 11.
11
Suppose 4*i - 184 = -3*x, 5*i = 3*x - 249 + 20. Calculate the highest common divisor of 442 and x.
34
Suppose 45 = -q + 2*q. What is the greatest common factor of 405 and q?
45
Let f = 409 - 390. Calculate the greatest common factor of 323 and f.
19
Let m(d) = d**3 - 10*d**2 - 39*d + 3. Let i be m(13). What is the greatest common factor of 24 and i?
3
Let l(g) = -g**2 + g + 10. Let p be l(-8). Let t = p + 142. What is the highest common factor of t and 10?
10
Let w = 186 - -188. Calculate the highest common divisor of 34 and w.
34
Let o(q) = -q**2 + 10*q - 22. Let u be o(5). Let f be 10 + 0 + u + -8. Calculate the highest common divisor of f and 2.
1
Suppose 0 = -5*q - 2*o + 60, 5*o + 46 + 2 = 4*q. Suppose q*d - 80 = 4*d. Calculate the greatest common divisor of d and 40.
10
Let u = -483 + 996. Let z be (1 + 6/(-9))*u. Suppose -3 = -x, -2*x + 5*x = -3*i + z. What is the highest common factor of i and 81?
27
Let u = 5 + -7. Let a(i) = 3*i**3 + 4*i**2 + 3*i. Let d be a(u). Let t = d + 19. Calculate the highest common factor of t and 10.
5
Let a be (395 + -12 + -8)*2/5. Calculate the greatest common divisor of a and 30.
30
Let s(a) be the first derivative of 2*a**3 + a**2/2 - 2*a + 77. Let n be 10*-3*2/15. Let q be s(n). What is the highest common factor of 9 and q?
9
Suppose -2*d - 2 = -d - p, -1 = 2*d - p. Let o be (15/(-6))/(d/(-2)). Calculate the highest common divisor of 2 and o.
1
Suppose -90 + 440 = i. Let o = -97 + 147. What is the greatest common divisor of o and i?
50
Let n = 88 - 67. Suppose -l = 3*l - 16. Let o be (12/n)/(l/70). What is the highest common divisor of o and 15?
5
Suppose 0 = 4*b - 2*q - 492, 0 = -7*b + 2*b - q + 622. Calculate the greatest common divisor of 93 and b.
31
Let f(o) = 136*o + 3. Let m be f(2). Calculate the highest common divisor of m and 5.
5
Let h = -32 - -23. Suppose 7 - 67 = -5*j. Let n = j + h. What is the greatest common factor of 1 and n?
1
Let h = -9 + 18. Let n = -6126 - -6162. What is the greatest common divisor of h and n?
9
Suppose l = -15 + 15. Suppose l = -5*x - 7*x + 576. Calculate the greatest common divisor of x and 240.
48
Let g(t) be the third derivative of t**5/60 + 7*t**4/24 + 7*t**3/6 + 2*t**2 + 26. Let c = 5 - 12. Let y be g(c). What is the highest common divisor of y and 35?
7
Suppose 66*t - 65*t - 15 = 0. Calculate the greatest common divisor of 240 and t.
15
Let r be ((-30)/40)/(2/(-128)). Let c(z) = z + 1. Let p be c(2). Suppose 4*n + n = p*v - 38, 0 = -4*v - 4*n + 72. What is the greatest common factor of r and v?
16
Suppose 8*s + 9 - 1 = 0. Let q = 31 - s. Calculate the highest common factor of q and 80.
16
Let v be (-4 + 1 - -2)*336/(-2). Calculate the highest common factor of 105 and v.
21
Let x(y) = y**3 - 9*y**2 + 6*y + 4. Let m be x(7). Let h = m + 86. Calculate the greatest common factor of 51 and h.
17
Let m be 77*-3 + (-20 - -23). Let l be m/(-3) + 0/7. Calculate the highest common divisor of 190 and l.
38
Let m = -1035 + 1078. Calculate the greatest common divisor of m and 86.
43
Suppose -c = -f + 4*c + 90, 3*f - 270 = -3*c. What is the highest common factor of 315 and f?
45
Suppose 0 = 3*x - 2*t - 193 + 21, -4*x - 4*t + 216 = 0. Calculate the highest common divisor of x and 28.
28
Let q be 3*3 + -5 + 8. Let h(n) = -11*n - 25. Let t be h(-10). Let u = -1 + t. Calculate the highest common divisor of q and u.
12
Let p be 6 + (149 - -12 - 3). What is the highest common factor of p and 41?
41
Let f(o) = o**2 + 11*o + 18. Let n be f(-12). What is the greatest common factor of n and 120?
30
Suppose 0 = m - 2*m + 20. Let w = -1056 - -1076. Calculate the greatest common factor of w and m.
20
Suppose -5*a + 12*a = 441. Calculate the highest common factor of 99 and a.
9
Let b be 52 + 2/((-14)/49). Calculate the greatest common divisor of b and 105.
15
Let f be (4/(-5))/((-8)/2820). Calculate the highest common divisor of f and 6.
6
Let x(l) = 113*l + 285. Let q be x(6). Calculate the highest common divisor of q and 9.
9
Let j(g) = -29*g**3 + g**2. Suppose 2 = -15*p + 13*p. Let q be j(p). What is the highest common factor of q and 10?
10
Suppose 3*v - 6*v - 4 = -4*k, -5*k + 3*v + 8 = 0. Let c be 8/(-6)*(-18)/4. Suppose -4 + 28 = c*n. Calculate the highest common divisor of n and k.
4
Let h(x) = 81*x - 42. Let a be h(2). Calculate the highest common divisor of a and 390.
30
Let z = 197 + -121. What is the highest common factor of z and 114?
38
Let k(a) = a**3 - 14*a**2 - 2*a - 29. Let v be k(17). What is the highest common divisor of v and 36?
12
Let x(r) = -r**3 + 10*r**2 - 3*r - 18. Let c be x(8). Calculate the highest common divisor of c and 43.
43
Let c(r) = -23*r + 2 + 13*r + 8*r. Let y be c(0). What is the greatest common factor of y and 8?
2
Suppose 2157 = 3*m + 2*s + 176, -2668 = -4*m + 4*s. Calculate the highest common factor of 51 and m.
51
Let q(d) = d**2 - 18*d + 78. Let i be q(11). Suppose -5*l = -4*l - 8. What is the highest common factor of l and i?
1
Suppose 2*a = 2*n + 52, 5*a - 2*n - 55 - 75 = 0. What is the highest common factor of 26 and a?
26
Let o = 44 - 44. Suppose o*j + 3*u = 2*j - 14, 5*u = j. Calculate the greatest common divisor of 90 and j.
10
Let o be 72*((-14)/20 + 72/60). Let x = -1 + 0. Let w be 5 - (2 - (0 - x)). What is the highest common factor of w and o?
4
Suppose -3*g + 20 = 2*d, -4*d - g + 10 + 50 = 0. Let c(x) = -10*x + 160. Let f be c(8). Calculate the highest common factor of d and f.
16
Suppose 5*z = -4*q - 26, 5 + 25 = -5*q - 5*z. Let m be 7/(-2)*q*(-6)/(-7). What is the greatest commo